he units digit of w?
3
Suppose 5*q + 10 = -0, -2*w + 464 = -5*q. What is the hundreds digit of w?
2
Let c = 4236 + -2036. What is the units digit of c?
0
Let i(o) = -2*o**3 + 16*o**2 - 6*o + 19. Let r be i(8). Let g = 132 - 70. Let p = g + r. What is the tens digit of p?
3
Let j(a) = -a**3 - a**2 + a. Let o(x) = -3*x**3 - 9*x**2 - 4*x + 8. Let n(i) = -4*j(i) + o(i). Let t be n(6). What is the tens digit of t*((-63)/6 + 4)?
2
Let u(m) = 120*m**2 + 13*m - 35. What is the tens digit of u(3)?
8
Let r(g) = -g**3 + 35*g**2 - 32*g + 208. What is the units digit of r(29)?
6
Let x = 4 + -2. Suppose 0 = -x*d - 3*d + 700. What is the units digit of d?
0
Let f be 5 - (-5 - (-5 + 12)). Suppose 0 = 2*r - 4*s - 6, -2*r - 3*s = -6. What is the tens digit of 3 + (4 - r) + f?
2
Let o be 51/12 - (-2 + 5)/12. Suppose 0 = 2*h - 2, o*h + 7 = 2*n - h. What is the units digit of n?
6
Suppose -3*k + 38 = 5. Let u(i) = -8*i - k + 0 - 2 - 4. What is the tens digit of u(-8)?
4
Suppose 0 = -3*a - 2*a + 95. Let b = a + -15. Suppose -5*v - 2*c = -39 - 51, b*v - 79 = -3*c. What is the units digit of v?
6
Suppose 0 = 4*b + 4*p - 68, -4*b - p - 25 = -108. What is the tens digit of b?
2
Let h = 7 + -7. Suppose h = -g + 2*g. What is the units digit of g/2 - (-24 - -1)?
3
Let p(t) = 2*t + 2 + 6*t**2 - t**3 - 2*t**2 - 5. Let m be p(4). Suppose -167 = -4*q - 5*l, -m*q - 3*l + 237 = 38. What is the tens digit of q?
3
Let y be (11 + -5)/(2 - 0). Suppose -7*r + 248 = 2*x - 3*r, 269 = 2*x - y*r. What is the tens digit of x?
3
Suppose -3*j - 3*c - 156 = 0, -3*j - 61 = -2*j + 4*c. Suppose -5*x - 4*y = -6*y + 59, 2*x + 30 = 4*y. Let u = x - j. What is the tens digit of u?
3
Let v = -3016 + 5083. What is the units digit of v?
7
Let q(i) = -i**2 - 7*i - 3. Let p be q(-6). Suppose 0*y + 2*o + 114 = p*y, -3*y - o + 114 = 0. What is the units digit of y?
8
Let a(h) = -4*h - 6. Let v(u) = -4*u - 6. Let p(l) = 5*a(l) - 4*v(l). Let x = 29 + -33. What is the units digit of p(x)?
0
Suppose -5*n - 2*p + 415 = -3*p, 0 = p + 5. Let s be n/(-7) - 4/14. Let w = s - -18. What is the units digit of w?
6
Suppose -2*i - 10 = -7*i, i - 1172 = -2*s. What is the tens digit of s?
8
Suppose -23 = 3*i + b, 0 = -3*i + 5*i - 3*b + 8. Let k(q) = -q**2 - 5*q + 16. What is the units digit of k(i)?
2
Let b(o) = o**3 - o + 25. Suppose l + 2*l - 3*f = 69, -3*l - 4*f + 34 = 0. Let s be 2/9 + (-4)/l. What is the units digit of b(s)?
5
Suppose -38*t + 10*t + 37548 = 0. What is the thousands digit of t?
1
Let q(t) = 14 + 4*t - 5*t - 5*t - 2*t. What is the tens digit of q(-9)?
8
Let p(n) = 3*n**2 + 5*n - 9. Let l = -119 + 114. What is the units digit of p(l)?
1
Let y = -348 - -612. Suppose 814 = 11*i + y. What is the units digit of i?
0
Suppose p = -0*p - 24. Let n = p + 61. What is the tens digit of n?
3
Suppose 5*x + 3*y = x - 136, 5*x + 5*y = -170. Let d = -3 - x. What is the tens digit of d?
3
Let b = -37 + 212. Suppose b = 2*d - 39. What is the tens digit of d?
0
Suppose 3 = 3*m - 2*m. Suppose -4*b + 992 = -3*n, -4*n - 1240 = -5*b - n. Suppose -b = -4*p + m*d, -p + 2*d = -0*d - 67. What is the tens digit of p?
5
Let h(d) = d**3 + d**2 - 3*d + 1. What is the tens digit of h(7)?
7
Let z(r) = -2*r**3 + 2*r + 6. Suppose 0*a + 5*a - 3*t = -15, -4*a - 12 = -3*t. What is the tens digit of z(a)?
5
Let m(c) be the second derivative of -c**3/3 + 7*c**2 - 7*c. Let d(n) = n**3 - 6*n**2 + 3*n - 3. Let x be d(5). What is the tens digit of m(x)?
4
Let k = -1389 - -2013. What is the units digit of k?
4
Let f be 50/3 - 2/3. What is the tens digit of (162/10)/(f/80)?
8
Suppose -3417 = -21*x + 384. What is the hundreds digit of x?
1
Let z(m) be the first derivative of 23 - 16 - 10 + 5*m + m**2. What is the units digit of z(0)?
5
Suppose a + 4*a - 35 = 0. Let p = a + -3. Let z = p - 2. What is the units digit of z?
2
Suppose -3*h - 45 = -3*u - 513, 2*u + 618 = 4*h. What is the hundreds digit of h?
1
Let x be 6/15 + 54/15. Suppose x*v = 4*n - 11 - 5, 0 = -4*v - 4. Suppose -3*y + 2*g + 3 = -37, -y + n*g + 25 = 0. What is the tens digit of y?
1
What is the tens digit of (-6220)/(-10) + -5 + 5?
2
Let v(w) = w**3 - 5*w**2 + 11*w + 7. Suppose 0 = -2*s - 5*j + 25, s + 0*j + 3*j - 14 = 0. What is the units digit of v(s)?
2
Let j(b) = b - 2. Let u be j(4). Let d = u - 14. What is the tens digit of 50/2 - d/4?
2
Suppose -u = -5*u + 772. Let a = u - 118. What is the tens digit of a?
7
Suppose -p = -2*p + 16. Suppose -3*z + p = 1. What is the units digit of 4/(4/z) - 4?
1
What is the units digit of 4/(-6) + (-8334)/(-27) + 8?
6
Let x(r) = 3*r - 5*r + r + 0 + 2. Let s be x(-2). What is the units digit of 216/28 - s/(-14)?
8
Let w = 16 - 10. Suppose q + q - 24 = -4*d, -4*q - 2*d = -24. Suppose -w = q*m - 42. What is the units digit of m?
9
Let y(p) = -39*p - 120. What is the hundreds digit of y(-21)?
6
Let d(m) be the first derivative of -m**3/3 - m**2 + 3*m - 5. Let v be d(6). What is the units digit of (1 - -1)*v/(-10)?
9
Suppose 53 = 6*i - 7. Let n = -6 + i. What is the units digit of (3/n)/((-5)/(-120))?
8
Suppose 2*f = -3*f + 210. Let g = -1589 - -1591. Suppose -g*x - x = -f. What is the tens digit of x?
1
Let l(g) = g**3 + 13*g**2 + 8*g + 6. Let q be l(-6). Let o = q - 132. Suppose -5*n = -4*b + 15 + o, -5*b + n + 111 = 0. What is the tens digit of b?
2
Suppose w + 3*k + 9 = -2*k, -4*w + 4*k + 12 = 0. Suppose 3*l - m + 159 = 0, -2*m = l + 2*m + 53. What is the tens digit of -1*w + (17 - l)?
6
Let i = 131 + -39. What is the units digit of i?
2
Suppose 36 = 5*i - 4*q, 2*q - 3*q = -1. What is the units digit of (i - 3)*69/5?
9
Let m(c) = 106*c - 5 - 122*c + 4. What is the tens digit of m(-1)?
1
What is the tens digit of (42 - 44)/((4/(-2))/378)?
7
Let z be -13 + -5*4/(-10). What is the units digit of 672/176 + (-2)/z?
4
Suppose -i - 5 = 0, -12 = t + 5*i + 10. Suppose -2*x + 26 = 3*x - d, -19 = -t*x + 4*d. What is the units digit of x?
5
What is the thousands digit of ((-96)/10)/(20/(-2400))?
1
Suppose 2*y + 4*d - 1050 = 0, -3*y + 2100 = y + 2*d. What is the tens digit of y?
2
What is the tens digit of 631/1 + -53 + 57?
3
Let s = -27 + 61. What is the tens digit of 0 - 97/(-2) - (-17)/s?
4
Suppose -17*d + 5835 + 489 = 0. What is the hundreds digit of d?
3
Suppose 0 = 2*d + 4*w - 70, -5*w + 4 = -1. Let t = 36 + -23. Let j = d - t. What is the units digit of j?
0
Let b = -14544 + 20663. What is the thousands digit of b?
6
Suppose 0 = -3*n + d + 775, 2*n - 530 = -2*d - 0*d. Suppose 0 = 2*j - 7*j + n. What is the tens digit of j?
5
Let x(t) = t**2 + 8*t + 4. Let z be x(-4). Let v be 2/(-8) - 63/z. Suppose 4*n - 2*h - 13 - 9 = 0, -20 = -v*n - 5*h. What is the units digit of n?
5
Let n = -962 - -1654. What is the units digit of n?
2
Suppose -98 + 354 = 2*y. Let u = y - -76. What is the units digit of u?
4
Let k = 939 - -137. What is the thousands digit of k?
1
Let w = -520 - -895. What is the hundreds digit of w?
3
Let a(h) = -h**3 + 7*h**2 - 3*h - 6. Let x be a(8). Let m = x - -142. What is the tens digit of m?
4
Suppose 6724 = -0*m + 2*m. What is the hundreds digit of m?
3
Let b be -1*3*-5*1. Let i = 21 - b. What is the units digit of (-4)/i - (-77)/3?
5
Let j = 70 - -34. Let k = j + -54. What is the tens digit of k?
5
Let i = -1739 - -3100. What is the units digit of i?
1
Suppose -60 = 2*s + 2*s. Let v(j) = j + 12. Let w be v(s). Let h(i) = -2*i**3 - 2*i**2 - 3*i - 3. What is the tens digit of h(w)?
4
Let f(o) = -o**3 + 7*o**2 + o - 4. Let w = 16 - 9. Let x be f(w). Suppose -4*m - m + 115 = 3*k, 0 = 3*m + x. What is the units digit of k?
0
Suppose -i = -7*i + 36. Suppose i*n = 4*n + 40. What is the units digit of n?
0
Suppose 0 = -6*o + 19*o - 9594. What is the hundreds digit of o?
7
Let h(t) = -t**2. Let q(c) = 8*c**2 + 8*c + 2. Let b(k) = 21*h(k) + 3*q(k). What is the units digit of b(-13)?
1
Suppose 2*w - 4 + 8 = 0. What is the units digit of w - (-14)/8 - (-15)/12?
1
Let r(a) = -2*a**3 - 2*a**2 + 4*a + 5. Let n be r(-2). Suppose y + 19 = -n. Let i = -22 - y. What is the units digit of i?
2
Let w(m) = -2*m**2 - m + 19. Let l(a) = -a**2 + 2*a + 9. Let s be l(-3). Let u(z) = z**2 - 10. Let x(n) = s*w(n) - 11*u(n). What is the tens digit of x(-8)?
1
Suppose 5*s = -0*m + 2*m + 51, 0 = m - 3*s + 28. Let w = m - -16. Suppose 7*p = 4*p - 4*o + 43, 3*p + 